{"id":109,"date":"2021-09-10T07:47:31","date_gmt":"2021-09-10T04:47:31","guid":{"rendered":"https:\/\/ninetheme.com\/themes\/styler\/fashion\/?page_id=109"},"modified":"2025-11-13T16:19:16","modified_gmt":"2025-11-13T16:19:16","slug":"hakkimizda","status":"publish","type":"page","link":"https:\/\/marse.com.tr\/erkek\/hakkimizda\/","title":{"rendered":"Hakk\u0131m\u0131zda"},"content":{"rendered":"\t\t<div data-elementor-type=\"wp-page\" data-elementor-id=\"109\" class=\"elementor elementor-109\">\n\t\t\t\t\t\t<section class=\"gap-extended elementor-section elementor-top-section elementor-element elementor-element-abc1d9c elementor-section-height-full nt-section section-padding elementor-section-boxed elementor-section-height-default elementor-section-items-middle\" data-id=\"abc1d9c\" data-element_type=\"section\" data-e-type=\"section\" data-settings=\"{&quot;background_background&quot;:&quot;classic&quot;}\">\n\t\t\t\t\t\t\t<div class=\"elementor-background-overlay\"><\/div>\n\t\t\t\t\t\t\t<div class=\"elementor-container elementor-column-gap-extended\">\n\t\t\t\t\t<div class=\"elementor-column elementor-col-50 elementor-top-column elementor-element elementor-element-1c56543\" data-id=\"1c56543\" data-element_type=\"column\" data-e-type=\"column\">\n\t\t\t<div class=\"elementor-widget-wrap\">\n\t\t\t\t\t\t\t<\/div>\n\t\t<\/div>\n\t\t\t\t<div class=\"elementor-column elementor-col-50 elementor-top-column elementor-element elementor-element-e9d4434\" data-id=\"e9d4434\" data-element_type=\"column\" data-e-type=\"column\">\n\t\t\t<div class=\"elementor-widget-wrap elementor-element-populated\">\n\t\t\t\t\t\t<div class=\"elementor-element elementor-element-5fc40e7 styler-transform transform-type-translate elementor-widget elementor-widget-heading\" data-id=\"5fc40e7\" data-element_type=\"widget\" data-e-type=\"widget\" data-widget_type=\"heading.default\">\n\t\t\t\t<div class=\"elementor-widget-container\">\n\t\t\t\t\t<h6 class=\"elementor-heading-title elementor-size-default\">ART\u0130LLA TEKST\u0130L<\/h6>\t\t\t\t<\/div>\n\t\t\t\t<\/div>\n\t\t\t\t<div class=\"elementor-element elementor-element-f12beab styler-transform transform-type-translate elementor-widget elementor-widget-heading\" data-id=\"f12beab\" data-element_type=\"widget\" data-e-type=\"widget\" data-widget_type=\"heading.default\">\n\t\t\t\t<div class=\"elementor-widget-container\">\n\t\t\t\t\t<h1 class=\"elementor-heading-title elementor-size-default\">\u00d6zg\u00fcn Tasar\u0131mlar<\/h1>\t\t\t\t<\/div>\n\t\t\t\t<\/div>\n\t\t\t\t<div class=\"elementor-element elementor-element-1cab06d styler-transform transform-type-translate elementor-widget elementor-widget-heading\" data-id=\"1cab06d\" data-element_type=\"widget\" data-e-type=\"widget\" data-widget_type=\"heading.default\">\n\t\t\t\t<div class=\"elementor-widget-container\">\n\t\t\t\t\t<p class=\"elementor-heading-title elementor-size-default\">Artilla Tekstil olarak sizler i\u00e7in yeni trendler olu\u015fturuyoruz. \u00d6zg\u00fcn tasar\u0131mlar\u0131m\u0131z ve kaliteli \u00fcr\u00fcnlerimizle modern ve rahat kullan\u0131m \u015fans\u0131n\u0131 tek bir \u00fcr\u00fcnde yakalaman\u0131z\u0131 sa\u011fl\u0131yor ve ihtiya\u00e7lar\u0131n\u0131za d\u00f6n\u00fck \u00fcr\u00fcnler \u00fcretiyoruz.<\/p>\t\t\t\t<\/div>\n\t\t\t\t<\/div>\n\t\t\t\t\t<\/div>\n\t\t<\/div>\n\t\t\t\t\t<\/div>\n\t\t<\/section>\n\t\t\t\t<section class=\"gap-extended elementor-section elementor-top-section elementor-element elementor-element-b884479 elementor-section-content-middle nt-section section-padding elementor-section-boxed elementor-section-height-default elementor-section-height-default\" data-id=\"b884479\" data-element_type=\"section\" data-e-type=\"section\">\n\t\t\t\t\t\t<div class=\"elementor-container elementor-column-gap-extended\">\n\t\t\t\t\t<div class=\"elementor-column elementor-col-50 elementor-top-column elementor-element elementor-element-535af7f\" data-id=\"535af7f\" data-element_type=\"column\" data-e-type=\"column\">\n\t\t\t<div class=\"elementor-widget-wrap elementor-element-populated\">\n\t\t\t\t\t\t<div class=\"elementor-element elementor-element-d2ee303 styler-transform transform-type-translate elementor-widget elementor-widget-heading\" data-id=\"d2ee303\" data-element_type=\"widget\" data-e-type=\"widget\" data-widget_type=\"heading.default\">\n\t\t\t\t<div class=\"elementor-widget-container\">\n\t\t\t\t\t<h2 class=\"elementor-heading-title elementor-size-default\">Farkl\u0131 Stiller<\/h2>\t\t\t\t<\/div>\n\t\t\t\t<\/div>\n\t\t\t\t<div class=\"elementor-element elementor-element-15c0dab elementor-widget__width-initial styler-transform transform-type-translate elementor-widget elementor-widget-heading\" data-id=\"15c0dab\" data-element_type=\"widget\" data-e-type=\"widget\" data-widget_type=\"heading.default\">\n\t\t\t\t<div class=\"elementor-widget-container\">\n\t\t\t\t\t<p class=\"elementor-heading-title elementor-size-default\">Artiila Tekstil olarak: Erkek koleksiyonu, modern erke\u011fin g\u00fcnl\u00fck hayat\u0131ndaki t\u00fcm tarz d\u00f6n\u00fc\u015f\u00fcmlerine e\u015flik etmek i\u00e7in tasarland\u0131.\nKombinlenebilir \u00fcr\u00fcnlerimiz, kalite ve rahatl\u0131\u011f\u0131 ayn\u0131 potada eriterek her ortamda \u201cben buraday\u0131m\u201d diyen bir stil sunar.<\/p>\t\t\t\t<\/div>\n\t\t\t\t<\/div>\n\t\t\t\t<div class=\"elementor-element elementor-element-9f012ad styler-transform transform-type-translate elementor-widget elementor-widget-heading\" data-id=\"9f012ad\" data-element_type=\"widget\" data-e-type=\"widget\" data-widget_type=\"heading.default\">\n\t\t\t\t<div class=\"elementor-widget-container\">\n\t\t\t\t\t<h6 class=\"elementor-heading-title elementor-size-default\"><a href=\"https:\/\/marse.com.tr\/erkek\/erkek-magaza\/\">Bizimle daha fazlas\u0131n\u0131 ke\u015ffetmek ister misiniz!<\/a><\/h6>\t\t\t\t<\/div>\n\t\t\t\t<\/div>\n\t\t\t\t\t<\/div>\n\t\t<\/div>\n\t\t\t\t<div class=\"elementor-column elementor-col-50 elementor-top-column elementor-element elementor-element-c998a64\" data-id=\"c998a64\" data-element_type=\"column\" data-e-type=\"column\">\n\t\t\t<div class=\"elementor-widget-wrap elementor-element-populated\">\n\t\t\t\t\t\t<section class=\"gap-default elementor-section elementor-inner-section elementor-element elementor-element-74b0e31 elementor-section-boxed elementor-section-height-default elementor-section-height-default\" data-id=\"74b0e31\" data-element_type=\"section\" data-e-type=\"section\">\n\t\t\t\t\t\t<div class=\"elementor-container elementor-column-gap-default\">\n\t\t\t\t\t<div class=\"elementor-column elementor-col-25 elementor-inner-column elementor-element elementor-element-c5eef37\" data-id=\"c5eef37\" data-element_type=\"column\" data-e-type=\"column\">\n\t\t\t<div class=\"elementor-widget-wrap elementor-element-populated\">\n\t\t\t\t\t\t<div class=\"elementor-element elementor-element-f7e5943 elementor-widget elementor-widget-image\" data-id=\"f7e5943\" data-element_type=\"widget\" data-e-type=\"widget\" data-widget_type=\"image.default\">\n\t\t\t\t<div class=\"elementor-widget-container\">\n\t\t\t\t\t\t\t\t\t\t\t\t\t\t\t<img decoding=\"async\" src=\"https:\/\/marse.com.tr\/erkek\/wp-content\/uploads\/elementor\/thumbs\/1-1-ren6unt3c07lobvaqdoayj2bsqa23xdszic6ocnmhs.png\" title=\"1\" alt=\"1\" loading=\"lazy\" \/>\t\t\t\t\t\t\t\t\t\t\t\t\t\t\t<\/div>\n\t\t\t\t<\/div>\n\t\t\t\t\t<\/div>\n\t\t<\/div>\n\t\t\t\t<div class=\"elementor-column elementor-col-25 elementor-inner-column elementor-element elementor-element-0b83681\" data-id=\"0b83681\" data-element_type=\"column\" data-e-type=\"column\">\n\t\t\t<div class=\"elementor-widget-wrap elementor-element-populated\">\n\t\t\t\t\t\t<div class=\"elementor-element elementor-element-728ea20 elementor-widget elementor-widget-image\" data-id=\"728ea20\" data-element_type=\"widget\" data-e-type=\"widget\" data-widget_type=\"image.default\">\n\t\t\t\t<div class=\"elementor-widget-container\">\n\t\t\t\t\t\t\t\t\t\t\t\t\t\t\t<img decoding=\"async\" src=\"https:\/\/marse.com.tr\/erkek\/wp-content\/uploads\/elementor\/thumbs\/2-ren8hlatt2vrk89pmcp9s5pojdthosbzf6r2tva2e8.png\" title=\"2\" alt=\"2\" loading=\"lazy\" \/>\t\t\t\t\t\t\t\t\t\t\t\t\t\t\t<\/div>\n\t\t\t\t<\/div>\n\t\t\t\t\t<\/div>\n\t\t<\/div>\n\t\t\t\t<div class=\"elementor-column elementor-col-25 elementor-inner-column elementor-element elementor-element-b43f153\" data-id=\"b43f153\" data-element_type=\"column\" data-e-type=\"column\">\n\t\t\t<div class=\"elementor-widget-wrap elementor-element-populated\">\n\t\t\t\t\t\t<div class=\"elementor-element elementor-element-6a5472a elementor-widget elementor-widget-image\" data-id=\"6a5472a\" data-element_type=\"widget\" data-e-type=\"widget\" data-widget_type=\"image.default\">\n\t\t\t\t<div class=\"elementor-widget-container\">\n\t\t\t\t\t\t\t\t\t\t\t\t\t\t\t<img decoding=\"async\" src=\"https:\/\/marse.com.tr\/erkek\/wp-content\/uploads\/elementor\/thumbs\/3-ren6jvlqxfg6hdj6p7vdur0yglfgsxknu4wnh2n7vk.png\" title=\"3\" alt=\"3\" loading=\"lazy\" \/>\t\t\t\t\t\t\t\t\t\t\t\t\t\t\t<\/div>\n\t\t\t\t<\/div>\n\t\t\t\t\t<\/div>\n\t\t<\/div>\n\t\t\t\t<div class=\"elementor-column elementor-col-25 elementor-inner-column elementor-element elementor-element-d25c563\" data-id=\"d25c563\" data-element_type=\"column\" data-e-type=\"column\">\n\t\t\t<div class=\"elementor-widget-wrap elementor-element-populated\">\n\t\t\t\t\t\t<div class=\"elementor-element elementor-element-b90a854 elementor-widget elementor-widget-image\" data-id=\"b90a854\" data-element_type=\"widget\" data-e-type=\"widget\" data-widget_type=\"image.default\">\n\t\t\t\t<div class=\"elementor-widget-container\">\n\t\t\t\t\t\t\t\t\t\t\t\t\t\t\t<img decoding=\"async\" src=\"https:\/\/marse.com.tr\/erkek\/wp-content\/uploads\/elementor\/thumbs\/4-ren6ib7fjdaz4rt3ujhrp59ath5fz3crmdriogyu8w.png\" title=\"4\" alt=\"4\" loading=\"lazy\" \/>\t\t\t\t\t\t\t\t\t\t\t\t\t\t\t<\/div>\n\t\t\t\t<\/div>\n\t\t\t\t\t<\/div>\n\t\t<\/div>\n\t\t\t\t\t<\/div>\n\t\t<\/section>\n\t\t\t\t\t<\/div>\n\t\t<\/div>\n\t\t\t\t\t<\/div>\n\t\t<\/section>\n\t\t\t\t<section class=\"gap-extended elementor-section elementor-top-section elementor-element elementor-element-452c709 elementor-section-content-middle nt-section section-padding elementor-section-boxed elementor-section-height-default elementor-section-height-default\" data-id=\"452c709\" data-element_type=\"section\" data-e-type=\"section\">\n\t\t\t\t\t\t<div class=\"elementor-container elementor-column-gap-extended\">\n\t\t\t\t\t<div class=\"elementor-column elementor-col-50 elementor-top-column elementor-element elementor-element-09d4350\" data-id=\"09d4350\" data-element_type=\"column\" data-e-type=\"column\">\n\t\t\t<div class=\"elementor-widget-wrap elementor-element-populated\">\n\t\t\t\t\t\t<div class=\"elementor-element elementor-element-0ecc75f elementor-widget elementor-widget-image\" data-id=\"0ecc75f\" data-element_type=\"widget\" data-e-type=\"widget\" data-widget_type=\"image.default\">\n\t\t\t\t<div class=\"elementor-widget-container\">\n\t\t\t\t\t\t\t\t\t\t\t\t\t\t\t<img fetchpriority=\"high\" decoding=\"async\" width=\"960\" height=\"623\" src=\"https:\/\/marse.com.tr\/erkek\/wp-content\/uploads\/2025\/11\/5-1024x665.png\" class=\"attachment-large size-large wp-image-7739\" alt=\"\" data-src=\"https:\/\/marse.com.tr\/erkek\/wp-content\/uploads\/2025\/11\/5-1024x665.png\" data-srcset=\"\" data-sizes=\"\" \/>\t\t\t\t\t\t\t\t\t\t\t\t\t\t\t<\/div>\n\t\t\t\t<\/div>\n\t\t\t\t\t<\/div>\n\t\t<\/div>\n\t\t\t\t<div class=\"elementor-column elementor-col-50 elementor-top-column elementor-element elementor-element-3d58a41\" data-id=\"3d58a41\" data-element_type=\"column\" data-e-type=\"column\">\n\t\t\t<div class=\"elementor-widget-wrap elementor-element-populated\">\n\t\t\t\t\t\t<div class=\"elementor-element elementor-element-c3daab7 styler-transform transform-type-translate elementor-widget elementor-widget-heading\" data-id=\"c3daab7\" data-element_type=\"widget\" data-e-type=\"widget\" data-widget_type=\"heading.default\">\n\t\t\t\t<div class=\"elementor-widget-container\">\n\t\t\t\t\t<h2 class=\"elementor-heading-title elementor-size-default\">G\u00fcven Veren Deneyim<\/h2>\t\t\t\t<\/div>\n\t\t\t\t<\/div>\n\t\t\t\t<div class=\"elementor-element elementor-element-d92df04 elementor-widget__width-initial styler-transform transform-type-translate elementor-widget elementor-widget-heading\" data-id=\"d92df04\" data-element_type=\"widget\" data-e-type=\"widget\" data-widget_type=\"heading.default\">\n\t\t\t\t<div class=\"elementor-widget-container\">\n\t\t\t\t\t<p class=\"elementor-heading-title elementor-size-default\">Y\u0131llard\u0131r moda sekt\u00f6r\u00fcn\u00fcn i\u00e7inde edindi\u011fimiz tecr\u00fcbe ve \u00fcretim g\u00fcc\u00fcm\u00fcz\u00fc, erkek giyiminde yeni bir bak\u0131\u015f a\u00e7\u0131s\u0131 ile birle\u015ftirdik.\nHer detay\u0131nda kalite, her dokusunda konfor sunan \u00fcr\u00fcnlerimiz; uzun y\u0131llar\u0131n birikiminin imzas\u0131n\u0131 ta\u015f\u0131r.<\/p>\t\t\t\t<\/div>\n\t\t\t\t<\/div>\n\t\t\t\t<div class=\"elementor-element elementor-element-5238369 styler-transform transform-type-translate elementor-widget elementor-widget-heading\" data-id=\"5238369\" data-element_type=\"widget\" data-e-type=\"widget\" data-widget_type=\"heading.default\">\n\t\t\t\t<div class=\"elementor-widget-container\">\n\t\t\t\t\t<h6 class=\"elementor-heading-title elementor-size-default\"><a href=\"https:\/\/marse.com.tr\/erkek\/erkek-magaza\/\">Ma\u011fazaya Git<\/a><\/h6>\t\t\t\t<\/div>\n\t\t\t\t<\/div>\n\t\t\t\t\t<\/div>\n\t\t<\/div>\n\t\t\t\t\t<\/div>\n\t\t<\/section>\n\t\t\t\t<section class=\"gap-default elementor-section elementor-top-section elementor-element elementor-element-1c7d399 nt-section section-padding elementor-section-boxed elementor-section-height-default elementor-section-height-default\" data-id=\"1c7d399\" data-element_type=\"section\" data-e-type=\"section\" data-settings=\"{&quot;background_background&quot;:&quot;classic&quot;}\">\n\t\t\t\t\t\t<div class=\"elementor-container elementor-column-gap-default\">\n\t\t\t\t\t<div class=\"elementor-column elementor-col-100 elementor-top-column elementor-element elementor-element-40dba44\" data-id=\"40dba44\" data-element_type=\"column\" data-e-type=\"column\">\n\t\t\t<div class=\"elementor-widget-wrap elementor-element-populated\">\n\t\t\t\t\t\t<div class=\"elementor-element elementor-element-d148147 styler-transform transform-type-translate elementor-widget elementor-widget-heading\" data-id=\"d148147\" data-element_type=\"widget\" data-e-type=\"widget\" data-widget_type=\"heading.default\">\n\t\t\t\t<div class=\"elementor-widget-container\">\n\t\t\t\t\t<h2 class=\"elementor-heading-title elementor-size-default\">Marse ile y\u0131llar\u0131n \u00fcretim deneyiminin \u00fcr\u00fcne d\u00f6n\u00fc\u015fm\u00fc\u015f halini sat\u0131n alacaks\u0131n\u0131z.<\/h2>\t\t\t\t<\/div>\n\t\t\t\t<\/div>\n\t\t\t\t\t<\/div>\n\t\t<\/div>\n\t\t\t\t\t<\/div>\n\t\t<\/section>\n\t\t\t\t<\/div>\n\t\t","protected":false},"excerpt":{"rendered":"<p>ART\u0130LLA TEKST\u0130L \u00d6zg\u00fcn Tasar\u0131mlar Artilla Tekstil olarak sizler i\u00e7in yeni trendler olu\u015fturuyoruz. \u00d6zg\u00fcn tasar\u0131mlar\u0131m\u0131z ve kaliteli \u00fcr\u00fcnlerimizle modern ve rahat kullan\u0131m \u015fans\u0131n\u0131 tek bir \u00fcr\u00fcnde yakalaman\u0131z\u0131 sa\u011fl\u0131yor ve ihtiya\u00e7lar\u0131n\u0131za d\u00f6n\u00fck \u00fcr\u00fcnler \u00fcretiyoruz. Farkl\u0131 Stiller Artiila Tekstil olarak: Erkek koleksiyonu, modern erke\u011fin g\u00fcnl\u00fck hayat\u0131ndaki t\u00fcm tarz d\u00f6n\u00fc\u015f\u00fcmlerine e\u015flik etmek i\u00e7in tasarland\u0131. Kombinlenebilir \u00fcr\u00fcnlerimiz, kalite ve rahatl\u0131\u011f\u0131&#8230;<\/p>\n","protected":false},"author":1,"featured_media":0,"parent":0,"menu_order":0,"comment_status":"closed","ping_status":"closed","template":"","meta":{"om_disable_all_campaigns":false,"footnotes":""},"class_list":{"0":"post-109","1":"page","2":"type-page","3":"status-publish","4":"hentry","5":"nt-post-class","6":"","7":"thumb-none","9":"excerpt-none"},"yoast_head":"<!-- This site is optimized with the Yoast SEO plugin v26.9 - https:\/\/yoast.com\/product\/yoast-seo-wordpress\/ -->\n<title>Hakk\u0131m\u0131zda - Marse<\/title>\n<meta name=\"description\" content=\"Marse, Artilla Tekstil g\u00fcvencesiyle modern erkek giyim \u00fcr\u00fcnleri sunar. \u015e\u0131kl\u0131k, kalite ve konforu bir araya getiriyoruz.\" \/>\n<meta name=\"robots\" content=\"index, follow, max-snippet:-1, max-image-preview:large, max-video-preview:-1\" \/>\n<link rel=\"canonical\" href=\"https:\/\/marse.com.tr\/erkek\/hakkimizda\/\" \/>\n<meta property=\"og:locale\" content=\"tr_TR\" \/>\n<meta property=\"og:type\" content=\"article\" \/>\n<meta property=\"og:title\" content=\"Hakk\u0131m\u0131zda - Marse\" \/>\n<meta property=\"og:description\" content=\"Marse, Artilla Tekstil g\u00fcvencesiyle modern erkek giyim \u00fcr\u00fcnleri sunar. \u015e\u0131kl\u0131k, kalite ve konforu bir araya getiriyoruz.\" \/>\n<meta property=\"og:url\" content=\"https:\/\/marse.com.tr\/erkek\/hakkimizda\/\" \/>\n<meta property=\"og:site_name\" content=\"Marse\" \/>\n<meta property=\"article:modified_time\" content=\"2025-11-13T16:19:16+00:00\" \/>\n<meta property=\"og:image\" content=\"https:\/\/marse.com.tr\/erkek\/wp-content\/uploads\/elementor\/thumbs\/1-1-ren6unt3c07lobvaqdoayj2bsqa23xdszic6ocnmhs.png\" \/>\n<meta name=\"twitter:card\" content=\"summary_large_image\" \/>\n<meta name=\"twitter:label1\" content=\"Tahmini okuma s\u00fcresi\" \/>\n\t<meta name=\"twitter:data1\" content=\"2 dakika\" \/>\n<script type=\"application\/ld+json\" class=\"yoast-schema-graph\">{\"@context\":\"https:\/\/schema.org\",\"@graph\":[{\"@type\":\"WebPage\",\"@id\":\"https:\/\/marse.com.tr\/erkek\/hakkimizda\/\",\"url\":\"https:\/\/marse.com.tr\/erkek\/hakkimizda\/\",\"name\":\"Hakk\u0131m\u0131zda - Marse\",\"isPartOf\":{\"@id\":\"https:\/\/marse.com.tr\/erkek\/#website\"},\"primaryImageOfPage\":{\"@id\":\"https:\/\/marse.com.tr\/erkek\/hakkimizda\/#primaryimage\"},\"image\":{\"@id\":\"https:\/\/marse.com.tr\/erkek\/hakkimizda\/#primaryimage\"},\"thumbnailUrl\":\"https:\/\/marse.com.tr\/erkek\/wp-content\/uploads\/elementor\/thumbs\/1-1-ren6unt3c07lobvaqdoayj2bsqa23xdszic6ocnmhs.png\",\"datePublished\":\"2021-09-10T04:47:31+00:00\",\"dateModified\":\"2025-11-13T16:19:16+00:00\",\"description\":\"Marse, Artilla Tekstil g\u00fcvencesiyle modern erkek giyim \u00fcr\u00fcnleri sunar. \u015e\u0131kl\u0131k, kalite ve konforu bir araya getiriyoruz.\",\"breadcrumb\":{\"@id\":\"https:\/\/marse.com.tr\/erkek\/hakkimizda\/#breadcrumb\"},\"inLanguage\":\"tr\",\"potentialAction\":[{\"@type\":\"ReadAction\",\"target\":[\"https:\/\/marse.com.tr\/erkek\/hakkimizda\/\"]}]},{\"@type\":\"ImageObject\",\"inLanguage\":\"tr\",\"@id\":\"https:\/\/marse.com.tr\/erkek\/hakkimizda\/#primaryimage\",\"url\":\"https:\/\/marse.com.tr\/erkek\/wp-content\/uploads\/elementor\/thumbs\/1-1-ren6unt3c07lobvaqdoayj2bsqa23xdszic6ocnmhs.png\",\"contentUrl\":\"https:\/\/marse.com.tr\/erkek\/wp-content\/uploads\/elementor\/thumbs\/1-1-ren6unt3c07lobvaqdoayj2bsqa23xdszic6ocnmhs.png\"},{\"@type\":\"BreadcrumbList\",\"@id\":\"https:\/\/marse.com.tr\/erkek\/hakkimizda\/#breadcrumb\",\"itemListElement\":[{\"@type\":\"ListItem\",\"position\":1,\"name\":\"Anasayfa\",\"item\":\"https:\/\/marse.com.tr\/erkek\/\"},{\"@type\":\"ListItem\",\"position\":2,\"name\":\"Hakk\u0131m\u0131zda\"}]},{\"@type\":\"WebSite\",\"@id\":\"https:\/\/marse.com.tr\/erkek\/#website\",\"url\":\"https:\/\/marse.com.tr\/erkek\/\",\"name\":\"Marse\",\"description\":\"\",\"publisher\":{\"@id\":\"https:\/\/marse.com.tr\/erkek\/#organization\"},\"potentialAction\":[{\"@type\":\"SearchAction\",\"target\":{\"@type\":\"EntryPoint\",\"urlTemplate\":\"https:\/\/marse.com.tr\/erkek\/?s={search_term_string}\"},\"query-input\":{\"@type\":\"PropertyValueSpecification\",\"valueRequired\":true,\"valueName\":\"search_term_string\"}}],\"inLanguage\":\"tr\"},{\"@type\":\"Organization\",\"@id\":\"https:\/\/marse.com.tr\/erkek\/#organization\",\"name\":\"Artilla\",\"url\":\"https:\/\/marse.com.tr\/erkek\/\",\"logo\":{\"@type\":\"ImageObject\",\"inLanguage\":\"tr\",\"@id\":\"https:\/\/marse.com.tr\/erkek\/#\/schema\/logo\/image\/\",\"url\":\"https:\/\/www.marse.com.tr\/wp-content\/uploads\/2023\/09\/artilla-logo.jpg\",\"contentUrl\":\"https:\/\/www.marse.com.tr\/wp-content\/uploads\/2023\/09\/artilla-logo.jpg\",\"width\":2479,\"height\":744,\"caption\":\"Artilla\"},\"image\":{\"@id\":\"https:\/\/marse.com.tr\/erkek\/#\/schema\/logo\/image\/\"},\"sameAs\":[\"https:\/\/www.instagram.com\/artillatekstil\/\"]}]}<\/script>\n<!-- \/ Yoast SEO plugin. -->","yoast_head_json":{"title":"Hakk\u0131m\u0131zda - Marse","description":"Marse, Artilla Tekstil g\u00fcvencesiyle modern erkek giyim \u00fcr\u00fcnleri sunar. \u015e\u0131kl\u0131k, kalite ve konforu bir araya getiriyoruz.","robots":{"index":"index","follow":"follow","max-snippet":"max-snippet:-1","max-image-preview":"max-image-preview:large","max-video-preview":"max-video-preview:-1"},"canonical":"https:\/\/marse.com.tr\/erkek\/hakkimizda\/","og_locale":"tr_TR","og_type":"article","og_title":"Hakk\u0131m\u0131zda - Marse","og_description":"Marse, Artilla Tekstil g\u00fcvencesiyle modern erkek giyim \u00fcr\u00fcnleri sunar. \u015e\u0131kl\u0131k, kalite ve konforu bir araya getiriyoruz.","og_url":"https:\/\/marse.com.tr\/erkek\/hakkimizda\/","og_site_name":"Marse","article_modified_time":"2025-11-13T16:19:16+00:00","og_image":[{"url":"https:\/\/marse.com.tr\/erkek\/wp-content\/uploads\/elementor\/thumbs\/1-1-ren6unt3c07lobvaqdoayj2bsqa23xdszic6ocnmhs.png","type":"","width":"","height":""}],"twitter_card":"summary_large_image","twitter_misc":{"Tahmini okuma s\u00fcresi":"2 dakika"},"schema":{"@context":"https:\/\/schema.org","@graph":[{"@type":"WebPage","@id":"https:\/\/marse.com.tr\/erkek\/hakkimizda\/","url":"https:\/\/marse.com.tr\/erkek\/hakkimizda\/","name":"Hakk\u0131m\u0131zda - Marse","isPartOf":{"@id":"https:\/\/marse.com.tr\/erkek\/#website"},"primaryImageOfPage":{"@id":"https:\/\/marse.com.tr\/erkek\/hakkimizda\/#primaryimage"},"image":{"@id":"https:\/\/marse.com.tr\/erkek\/hakkimizda\/#primaryimage"},"thumbnailUrl":"https:\/\/marse.com.tr\/erkek\/wp-content\/uploads\/elementor\/thumbs\/1-1-ren6unt3c07lobvaqdoayj2bsqa23xdszic6ocnmhs.png","datePublished":"2021-09-10T04:47:31+00:00","dateModified":"2025-11-13T16:19:16+00:00","description":"Marse, Artilla Tekstil g\u00fcvencesiyle modern erkek giyim \u00fcr\u00fcnleri sunar. \u015e\u0131kl\u0131k, kalite ve konforu bir araya getiriyoruz.","breadcrumb":{"@id":"https:\/\/marse.com.tr\/erkek\/hakkimizda\/#breadcrumb"},"inLanguage":"tr","potentialAction":[{"@type":"ReadAction","target":["https:\/\/marse.com.tr\/erkek\/hakkimizda\/"]}]},{"@type":"ImageObject","inLanguage":"tr","@id":"https:\/\/marse.com.tr\/erkek\/hakkimizda\/#primaryimage","url":"https:\/\/marse.com.tr\/erkek\/wp-content\/uploads\/elementor\/thumbs\/1-1-ren6unt3c07lobvaqdoayj2bsqa23xdszic6ocnmhs.png","contentUrl":"https:\/\/marse.com.tr\/erkek\/wp-content\/uploads\/elementor\/thumbs\/1-1-ren6unt3c07lobvaqdoayj2bsqa23xdszic6ocnmhs.png"},{"@type":"BreadcrumbList","@id":"https:\/\/marse.com.tr\/erkek\/hakkimizda\/#breadcrumb","itemListElement":[{"@type":"ListItem","position":1,"name":"Anasayfa","item":"https:\/\/marse.com.tr\/erkek\/"},{"@type":"ListItem","position":2,"name":"Hakk\u0131m\u0131zda"}]},{"@type":"WebSite","@id":"https:\/\/marse.com.tr\/erkek\/#website","url":"https:\/\/marse.com.tr\/erkek\/","name":"Marse","description":"","publisher":{"@id":"https:\/\/marse.com.tr\/erkek\/#organization"},"potentialAction":[{"@type":"SearchAction","target":{"@type":"EntryPoint","urlTemplate":"https:\/\/marse.com.tr\/erkek\/?s={search_term_string}"},"query-input":{"@type":"PropertyValueSpecification","valueRequired":true,"valueName":"search_term_string"}}],"inLanguage":"tr"},{"@type":"Organization","@id":"https:\/\/marse.com.tr\/erkek\/#organization","name":"Artilla","url":"https:\/\/marse.com.tr\/erkek\/","logo":{"@type":"ImageObject","inLanguage":"tr","@id":"https:\/\/marse.com.tr\/erkek\/#\/schema\/logo\/image\/","url":"https:\/\/www.marse.com.tr\/wp-content\/uploads\/2023\/09\/artilla-logo.jpg","contentUrl":"https:\/\/www.marse.com.tr\/wp-content\/uploads\/2023\/09\/artilla-logo.jpg","width":2479,"height":744,"caption":"Artilla"},"image":{"@id":"https:\/\/marse.com.tr\/erkek\/#\/schema\/logo\/image\/"},"sameAs":["https:\/\/www.instagram.com\/artillatekstil\/"]}]}},"_links":{"self":[{"href":"https:\/\/marse.com.tr\/erkek\/wp-json\/wp\/v2\/pages\/109","targetHints":{"allow":["GET"]}}],"collection":[{"href":"https:\/\/marse.com.tr\/erkek\/wp-json\/wp\/v2\/pages"}],"about":[{"href":"https:\/\/marse.com.tr\/erkek\/wp-json\/wp\/v2\/types\/page"}],"author":[{"embeddable":true,"href":"https:\/\/marse.com.tr\/erkek\/wp-json\/wp\/v2\/users\/1"}],"replies":[{"embeddable":true,"href":"https:\/\/marse.com.tr\/erkek\/wp-json\/wp\/v2\/comments?post=109"}],"version-history":[{"count":24,"href":"https:\/\/marse.com.tr\/erkek\/wp-json\/wp\/v2\/pages\/109\/revisions"}],"predecessor-version":[{"id":7819,"href":"https:\/\/marse.com.tr\/erkek\/wp-json\/wp\/v2\/pages\/109\/revisions\/7819"}],"wp:attachment":[{"href":"https:\/\/marse.com.tr\/erkek\/wp-json\/wp\/v2\/media?parent=109"}],"curies":[{"name":"wp","href":"https:\/\/api.w.org\/{rel}","templated":true}]}}