{"id":11,"date":"2023-09-20T21:54:30","date_gmt":"2023-09-20T18:54:30","guid":{"rendered":"https:\/\/artillatekstil.com\/cart\/"},"modified":"2025-05-06T10:39:04","modified_gmt":"2025-05-06T10:39:04","slug":"sepet","status":"publish","type":"page","link":"https:\/\/marse.com.tr\/erkek\/sepet\/","title":{"rendered":"Sepet"},"content":{"rendered":"\t\t<div data-elementor-type=\"wp-page\" data-elementor-id=\"11\" class=\"elementor elementor-11\">\n\t\t\t\t<div class=\"elementor-element elementor-element-11340002 e-flex e-con-boxed e-con e-parent\" data-id=\"11340002\" data-element_type=\"container\" data-e-type=\"container\">\n\t\t\t\t\t<div class=\"e-con-inner\">\n\t\t\t\t<div class=\"elementor-element elementor-element-2c75eb83 elementor-widget elementor-widget-text-editor\" data-id=\"2c75eb83\" data-element_type=\"widget\" data-e-type=\"widget\" data-widget_type=\"text-editor.default\">\n\t\t\t\t<div class=\"elementor-widget-container\">\n\t\t\t\t\t\t\t\t\t\t\t\t\t\t\t\t\t<\/div>\n\t\t\t\t<\/div>\n\t\t\t\t\t<\/div>\n\t\t\t\t<\/div>\n\t\t\t\t<\/div>\n\t\t","protected":false},"excerpt":{"rendered":"","protected":false},"author":1,"featured_media":0,"parent":0,"menu_order":0,"comment_status":"closed","ping_status":"closed","template":"","meta":{"om_disable_all_campaigns":false,"footnotes":""},"class_list":{"0":"post-11","1":"page","2":"type-page","3":"status-publish","4":"hentry","5":"nt-post-class","6":"","7":"thumb-none","9":"excerpt-none"},"yoast_head":"<!-- This site is optimized with the Yoast SEO plugin v26.9 - https:\/\/yoast.com\/product\/yoast-seo-wordpress\/ -->\n<title>Sepet - Marse<\/title>\n<meta name=\"description\" content=\"Se\u00e7ti\u011finiz \u00fcr\u00fcnleri g\u00f6zden ge\u00e7irin ve sipari\u015fe haz\u0131r hale getirin. Marse ile h\u0131zl\u0131, g\u00fcvenli ve kolay al\u0131\u015fveri\u015fin keyfini \u00e7\u0131kar\u0131n!\" \/>\n<meta name=\"robots\" content=\"index, follow, max-snippet:-1, max-image-preview:large, max-video-preview:-1\" \/>\n<link rel=\"canonical\" href=\"https:\/\/marse.com.tr\/erkek\/sepet\/\" \/>\n<meta property=\"og:locale\" content=\"tr_TR\" \/>\n<meta property=\"og:type\" content=\"article\" \/>\n<meta property=\"og:title\" content=\"Sepet - Marse\" \/>\n<meta property=\"og:description\" content=\"Se\u00e7ti\u011finiz \u00fcr\u00fcnleri g\u00f6zden ge\u00e7irin ve sipari\u015fe haz\u0131r hale getirin. Marse ile h\u0131zl\u0131, g\u00fcvenli ve kolay al\u0131\u015fveri\u015fin keyfini \u00e7\u0131kar\u0131n!\" \/>\n<meta property=\"og:url\" content=\"https:\/\/marse.com.tr\/erkek\/sepet\/\" \/>\n<meta property=\"og:site_name\" content=\"Marse\" \/>\n<meta property=\"article:modified_time\" content=\"2025-05-06T10:39:04+00:00\" \/>\n<meta name=\"twitter:card\" content=\"summary_large_image\" \/>\n<meta name=\"twitter:label1\" content=\"Tahmini okuma s\u00fcresi\" \/>\n\t<meta name=\"twitter:data1\" content=\"1 dakika\" \/>\n<script type=\"application\/ld+json\" class=\"yoast-schema-graph\">{\"@context\":\"https:\/\/schema.org\",\"@graph\":[{\"@type\":\"WebPage\",\"@id\":\"https:\/\/marse.com.tr\/erkek\/sepet\/\",\"url\":\"https:\/\/marse.com.tr\/erkek\/sepet\/\",\"name\":\"Sepet - Marse\",\"isPartOf\":{\"@id\":\"https:\/\/marse.com.tr\/erkek\/#website\"},\"datePublished\":\"2023-09-20T18:54:30+00:00\",\"dateModified\":\"2025-05-06T10:39:04+00:00\",\"description\":\"Se\u00e7ti\u011finiz \u00fcr\u00fcnleri g\u00f6zden ge\u00e7irin ve sipari\u015fe haz\u0131r hale getirin. Marse ile h\u0131zl\u0131, g\u00fcvenli ve kolay al\u0131\u015fveri\u015fin keyfini \u00e7\u0131kar\u0131n!\",\"breadcrumb\":{\"@id\":\"https:\/\/marse.com.tr\/erkek\/sepet\/#breadcrumb\"},\"inLanguage\":\"tr\",\"potentialAction\":[{\"@type\":\"ReadAction\",\"target\":[\"https:\/\/marse.com.tr\/erkek\/sepet\/\"]}]},{\"@type\":\"BreadcrumbList\",\"@id\":\"https:\/\/marse.com.tr\/erkek\/sepet\/#breadcrumb\",\"itemListElement\":[{\"@type\":\"ListItem\",\"position\":1,\"name\":\"Anasayfa\",\"item\":\"https:\/\/marse.com.tr\/erkek\/\"},{\"@type\":\"ListItem\",\"position\":2,\"name\":\"Sepet\"}]},{\"@type\":\"WebSite\",\"@id\":\"https:\/\/marse.com.tr\/erkek\/#website\",\"url\":\"https:\/\/marse.com.tr\/erkek\/\",\"name\":\"Marse\",\"description\":\"\",\"publisher\":{\"@id\":\"https:\/\/marse.com.tr\/erkek\/#organization\"},\"potentialAction\":[{\"@type\":\"SearchAction\",\"target\":{\"@type\":\"EntryPoint\",\"urlTemplate\":\"https:\/\/marse.com.tr\/erkek\/?s={search_term_string}\"},\"query-input\":{\"@type\":\"PropertyValueSpecification\",\"valueRequired\":true,\"valueName\":\"search_term_string\"}}],\"inLanguage\":\"tr\"},{\"@type\":\"Organization\",\"@id\":\"https:\/\/marse.com.tr\/erkek\/#organization\",\"name\":\"Artilla\",\"url\":\"https:\/\/marse.com.tr\/erkek\/\",\"logo\":{\"@type\":\"ImageObject\",\"inLanguage\":\"tr\",\"@id\":\"https:\/\/marse.com.tr\/erkek\/#\/schema\/logo\/image\/\",\"url\":\"https:\/\/www.marse.com.tr\/wp-content\/uploads\/2023\/09\/artilla-logo.jpg\",\"contentUrl\":\"https:\/\/www.marse.com.tr\/wp-content\/uploads\/2023\/09\/artilla-logo.jpg\",\"width\":2479,\"height\":744,\"caption\":\"Artilla\"},\"image\":{\"@id\":\"https:\/\/marse.com.tr\/erkek\/#\/schema\/logo\/image\/\"},\"sameAs\":[\"https:\/\/www.instagram.com\/artillatekstil\/\"]}]}<\/script>\n<!-- \/ Yoast SEO plugin. -->","yoast_head_json":{"title":"Sepet - Marse","description":"Se\u00e7ti\u011finiz \u00fcr\u00fcnleri g\u00f6zden ge\u00e7irin ve sipari\u015fe haz\u0131r hale getirin. Marse ile h\u0131zl\u0131, g\u00fcvenli ve kolay al\u0131\u015fveri\u015fin keyfini \u00e7\u0131kar\u0131n!","robots":{"index":"index","follow":"follow","max-snippet":"max-snippet:-1","max-image-preview":"max-image-preview:large","max-video-preview":"max-video-preview:-1"},"canonical":"https:\/\/marse.com.tr\/erkek\/sepet\/","og_locale":"tr_TR","og_type":"article","og_title":"Sepet - Marse","og_description":"Se\u00e7ti\u011finiz \u00fcr\u00fcnleri g\u00f6zden ge\u00e7irin ve sipari\u015fe haz\u0131r hale getirin. Marse ile h\u0131zl\u0131, g\u00fcvenli ve kolay al\u0131\u015fveri\u015fin keyfini \u00e7\u0131kar\u0131n!","og_url":"https:\/\/marse.com.tr\/erkek\/sepet\/","og_site_name":"Marse","article_modified_time":"2025-05-06T10:39:04+00:00","twitter_card":"summary_large_image","twitter_misc":{"Tahmini okuma s\u00fcresi":"1 dakika"},"schema":{"@context":"https:\/\/schema.org","@graph":[{"@type":"WebPage","@id":"https:\/\/marse.com.tr\/erkek\/sepet\/","url":"https:\/\/marse.com.tr\/erkek\/sepet\/","name":"Sepet - Marse","isPartOf":{"@id":"https:\/\/marse.com.tr\/erkek\/#website"},"datePublished":"2023-09-20T18:54:30+00:00","dateModified":"2025-05-06T10:39:04+00:00","description":"Se\u00e7ti\u011finiz \u00fcr\u00fcnleri g\u00f6zden ge\u00e7irin ve sipari\u015fe haz\u0131r hale getirin. Marse ile h\u0131zl\u0131, g\u00fcvenli ve kolay al\u0131\u015fveri\u015fin keyfini \u00e7\u0131kar\u0131n!","breadcrumb":{"@id":"https:\/\/marse.com.tr\/erkek\/sepet\/#breadcrumb"},"inLanguage":"tr","potentialAction":[{"@type":"ReadAction","target":["https:\/\/marse.com.tr\/erkek\/sepet\/"]}]},{"@type":"BreadcrumbList","@id":"https:\/\/marse.com.tr\/erkek\/sepet\/#breadcrumb","itemListElement":[{"@type":"ListItem","position":1,"name":"Anasayfa","item":"https:\/\/marse.com.tr\/erkek\/"},{"@type":"ListItem","position":2,"name":"Sepet"}]},{"@type":"WebSite","@id":"https:\/\/marse.com.tr\/erkek\/#website","url":"https:\/\/marse.com.tr\/erkek\/","name":"Marse","description":"","publisher":{"@id":"https:\/\/marse.com.tr\/erkek\/#organization"},"potentialAction":[{"@type":"SearchAction","target":{"@type":"EntryPoint","urlTemplate":"https:\/\/marse.com.tr\/erkek\/?s={search_term_string}"},"query-input":{"@type":"PropertyValueSpecification","valueRequired":true,"valueName":"search_term_string"}}],"inLanguage":"tr"},{"@type":"Organization","@id":"https:\/\/marse.com.tr\/erkek\/#organization","name":"Artilla","url":"https:\/\/marse.com.tr\/erkek\/","logo":{"@type":"ImageObject","inLanguage":"tr","@id":"https:\/\/marse.com.tr\/erkek\/#\/schema\/logo\/image\/","url":"https:\/\/www.marse.com.tr\/wp-content\/uploads\/2023\/09\/artilla-logo.jpg","contentUrl":"https:\/\/www.marse.com.tr\/wp-content\/uploads\/2023\/09\/artilla-logo.jpg","width":2479,"height":744,"caption":"Artilla"},"image":{"@id":"https:\/\/marse.com.tr\/erkek\/#\/schema\/logo\/image\/"},"sameAs":["https:\/\/www.instagram.com\/artillatekstil\/"]}]}},"_links":{"self":[{"href":"https:\/\/marse.com.tr\/erkek\/wp-json\/wp\/v2\/pages\/11","targetHints":{"allow":["GET"]}}],"collection":[{"href":"https:\/\/marse.com.tr\/erkek\/wp-json\/wp\/v2\/pages"}],"about":[{"href":"https:\/\/marse.com.tr\/erkek\/wp-json\/wp\/v2\/types\/page"}],"author":[{"embeddable":true,"href":"https:\/\/marse.com.tr\/erkek\/wp-json\/wp\/v2\/users\/1"}],"replies":[{"embeddable":true,"href":"https:\/\/marse.com.tr\/erkek\/wp-json\/wp\/v2\/comments?post=11"}],"version-history":[{"count":19,"href":"https:\/\/marse.com.tr\/erkek\/wp-json\/wp\/v2\/pages\/11\/revisions"}],"predecessor-version":[{"id":6947,"href":"https:\/\/marse.com.tr\/erkek\/wp-json\/wp\/v2\/pages\/11\/revisions\/6947"}],"wp:attachment":[{"href":"https:\/\/marse.com.tr\/erkek\/wp-json\/wp\/v2\/media?parent=11"}],"curies":[{"name":"wp","href":"https:\/\/api.w.org\/{rel}","templated":true}]}}